{"id":9,"date":"2026-02-12T08:26:28","date_gmt":"2026-02-12T07:26:28","guid":{"rendered":"https:\/\/www.atimuse.ch\/?page_id=9"},"modified":"2026-02-12T08:53:18","modified_gmt":"2026-02-12T07:53:18","slug":"chi-siamo","status":"publish","type":"page","link":"https:\/\/www.atimuse.ch\/","title":{"rendered":"CHI SIAMO"},"content":{"rendered":"\n<p><strong>Associazione Ticinese Mutismo Selettivo,<\/strong><\/p>\n\n\n\n<p>\u00e8 una organizzazione di volontariato nata a Lugano nel novembre 2017 per iniziativa di un gruppo di genitori di bambini affetti da Mutismo Selettivo, i loro sostenitori ed amici.<\/p>\n\n\n\n<p>ATiMuSe \u00e8 la prima Associazione in Ticino ad avere come obiettivo quello di diffondere la conoscenza di questo disturbo e di fornire un sostegno a bambini, adolescenti e alle loro famiglie che vivono questo disagio.<\/p>\n\n\n\n<p>ATiMuSe \u00e8 anche un punto di riferimento per gli insegnanti che si trovano ad affrontare le problematiche legate al Mutismo Selettivo, pertanto le iniziative informative e formative sono dirette al mondo della scuola, insegnanti di sostegno, psicologi e psicoterapeuti.<br>L\u2019intento \u00e8 di sensibilizzare la comunit\u00e0 scientifica e accademica con lo scopo di confrontarsi e formare sempre pi\u00f9 professionisti in grado poi di riconoscere e trattare il Mutismo Selettivo nella maniera corretta.<\/p>\n\n\n\n<p>Nell\u2019ambito delle nostre attivit\u00e0 collaboriamo attivamente con <strong>AIMuSe<\/strong>, Associazione Italiana Mutismo Selettivo. (<a href=\"http:\/\/www.aimuse.it\" target=\"_blank\" rel=\"noreferrer noopener\">www.aimuse.it<\/a>)<\/p>\n\n\n\n<p>La nostra Associazione ha sede a Lugano, ed \u00e8 sempre alla ricerca di sostenitori ed interessati.<\/p>\n\n\n\n<p>Grazie per visitare il nostro sito e contattarci per qualsiasi informazione.<\/p>\n","protected":false},"excerpt":{"rendered":"<p>Associazione Ticinese Mutismo Selettivo, \u00e8 una organizzazione di volontariato nata a Lugano nel novembre 2017 per iniziativa di un gruppo di genitori di bambini affetti da Mutismo Selettivo, i loro sostenitori ed amici. ATiMuSe \u00e8 la prima Associazione in Ticino ad avere come obiettivo quello di diffondere la conoscenza di questo disturbo e di fornire &hellip; <a href=\"https:\/\/www.atimuse.ch\/\" class=\"more-link\">Continua a leggere <span class=\"screen-reader-text\">CHI SIAMO<\/span><\/a><\/p>\n","protected":false},"author":1,"featured_media":48,"parent":0,"menu_order":0,"comment_status":"closed","ping_status":"closed","template":"","meta":{"footnotes":""},"class_list":["post-9","page","type-page","status-publish","has-post-thumbnail","hentry"],"_links":{"self":[{"href":"https:\/\/www.atimuse.ch\/index.php?rest_route=\/wp\/v2\/pages\/9","targetHints":{"allow":["GET"]}}],"collection":[{"href":"https:\/\/www.atimuse.ch\/index.php?rest_route=\/wp\/v2\/pages"}],"about":[{"href":"https:\/\/www.atimuse.ch\/index.php?rest_route=\/wp\/v2\/types\/page"}],"author":[{"embeddable":true,"href":"https:\/\/www.atimuse.ch\/index.php?rest_route=\/wp\/v2\/users\/1"}],"replies":[{"embeddable":true,"href":"https:\/\/www.atimuse.ch\/index.php?rest_route=%2Fwp%2Fv2%2Fcomments&post=9"}],"version-history":[{"count":1,"href":"https:\/\/www.atimuse.ch\/index.php?rest_route=\/wp\/v2\/pages\/9\/revisions"}],"predecessor-version":[{"id":10,"href":"https:\/\/www.atimuse.ch\/index.php?rest_route=\/wp\/v2\/pages\/9\/revisions\/10"}],"wp:featuredmedia":[{"embeddable":true,"href":"https:\/\/www.atimuse.ch\/index.php?rest_route=\/wp\/v2\/media\/48"}],"wp:attachment":[{"href":"https:\/\/www.atimuse.ch\/index.php?rest_route=%2Fwp%2Fv2%2Fmedia&parent=9"}],"curies":[{"name":"wp","href":"https:\/\/api.w.org\/{rel}","templated":true}]}}